 80 and o.
10
Suppose 24 = 3*q - 9. Let d be (-7 - 0/(-1)) + -1. Let y be (-966)/d + (-2)/(-8). What is the highest common factor of q and y?
11
Let d = 16 - 8. Let s(j) = 4*j**2 - 2*j. Let x be s(-2). What is the greatest common divisor of x and d?
4
Let s(h) = -h**2 - 8*h + 4. Let o be s(-9). Let f(c) = -7 + 3*c**2 - 2*c**2 - 5*c + 2*c. Let i be f(o). What is the greatest common divisor of 3 and i?
3
Let i be ((-16)/(-12))/(4/(-6)). Let t = i - -47. Calculate the highest common divisor of 15 and t.
15
Suppose 0*b + l = 3*b - 171, -4*l + 12 = 0. Suppose 5*a + b = 468. Suppose 4*d - a = -d - t, d - 20 = -2*t. Calculate the greatest common divisor of 40 and d.
8
Let o be 749/4 - (-2)/(-8). Suppose -3*a + 106 = 4. Suppose -4*q = -2*q - a. What is the greatest common divisor of q and o?
17
Suppose -c = -5*y - 7, 0*c - 5*y = -5*c + 55. Let j be (-2)/(c/7 - 2). Suppose 2*g = j*g - 50. What is the highest common factor of 25 and g?
5
Let d be (-27)/(-63) + (-246)/(-14). Calculate the highest common divisor of 9 and d.
9
Let f(c) = 4*c + 2*c - 5*c + 4*c - 2. Let q be f(2). Suppose 0 = -5*v - 25, 0 = -6*w + 4*w - 3*v - 7. Calculate the highest common factor of w and q.
4
Let o = 84 + -18. Suppose 39 - 11 = 4*x. Suppose x = -5*p + 37. Calculate the greatest common factor of o and p.
6
Suppose c - 8 = 55. Suppose -j + 18 = j. Let d = j - 0. Calculate the highest common factor of c and d.
9
Suppose 4*y = -8, 4*d + 136 = -3*y + 526. Calculate the highest common divisor of 9 and d.
9
Let i(s) = 5*s**2 - 6*s + 5. Let p be i(3). What is the highest common divisor of 8 and p?
8
Suppose 5*l - 8*l + 546 = 0. Calculate the highest common factor of 26 and l.
26
Suppose 5*q = 2*y + 18, -3*y = -4*q - y + 14. What is the greatest common divisor of 16 and q?
4
Suppose 0 = 5*h - 3*t - 75, -5*h = -4*t - 89 + 14. Suppose -2 = -2*f - 5*j, 4*j + 41 = 5*f + 3. What is the greatest common divisor of h and f?
3
Let r(t) = -t**3 + t + 6. Let w be r(0). Let f(i) = 2*i**2 + 6*i - 8. Let h be f(w). Calculate the highest common factor of 25 and h.
25
Suppose 16 = -4*s - 3*v + 62, -14 = -s - 2*v. What is the greatest common factor of s and 70?
10
Let k be 2/8 + 207/4. Suppose -k = -2*b + 4. Let p = 3 - -4. Calculate the highest common factor of p and b.
7
Let r(n) = -3*n**3 - 3*n**2 - 2*n - 8. Let p be r(-4). What is the greatest common divisor of 18 and p?
18
Let d(y) = -y - 3. Let h be d(-3). Let z be (1 - h)*19 + -1. What is the highest common factor of z and 2?
2
Let o(u) = -5*u + 28. Let t(m) = -3*m + 19. Let d(w) = -5*o(w) + 7*t(w). Let l be d(5). What is the highest common divisor of 117 and l?
13
Let t(d) = 5*d - 1. Let i be t(-1). Let f(x) = -19*x - 14. Let b be f(i). Calculate the highest common divisor of b and 40.
20
Let x(q) = 121*q**3 + q**2 - q. Let c be x(1). Calculate the highest common divisor of 11 and c.
11
Let o be (-2)/(4/94) - 2. Let j be (1*o - -2) + 2. Let b = -21 - j. Calculate the highest common divisor of b and 12.
12
Let d(i) = i**2 + 11. Let r be d(8). What is the highest common factor of 25 and r?
25
Suppose -4*l - 9 + 261 = 0. What is the highest common factor of l and 42?
21
Let n be 228/16 + (-3)/12. Suppose a = k + 3*k + n, 4*k = 4*a - 32. What is the highest common factor of a and 66?
6
Let f(p) = -p**2 - 7*p + 9. Suppose -2*m - 15 = -1. Let y be f(m). Calculate the highest common factor of y and 1.
1
Suppose 0*m = -5*m. Let z be 1 - (-2 - m - 78). Let n = z + -11. What is the highest common divisor of 28 and n?
14
Let i(p) = p**3 + 8*p**2 - 10*p + 3. Let o = -18 + 9. Let h be i(o). Calculate the greatest common factor of h and 12.
12
Let o be (4/10)/(5 - (-396)/(-80)). Calculate the highest common factor of o and 40.
8
Suppose 4*i - 5 - 13 = -2*l, 4*l + i = 57. Calculate the highest common divisor of l and 30.
15
Let t = -1 + 12. Let u(i) = -i**2 - 7*i - 2. Let a be u(-6). Suppose 0 = -3*f + a*f - 1. Calculate the highest common factor of f and t.
1
Let g(q) = 9*q - 1. Let v be g(3). Calculate the greatest common factor of v and 65.
13
Let m be (0 - -4)/1 + 18. What is the highest common factor of m and 11?
11
Suppose -c + 67 = -3*k, 0 = 5*c - 3*k - k - 280. Suppose 0 = -2*j - h + 23, 3*j + 0*h + 3*h = 30. Calculate the greatest common factor of j and c.
13
Let c(q) = 26*q**2 - 6*q - 2. Let w be c(-4). Suppose -5*r + w = -s, 8*r - 346 = 4*r + 3*s. Calculate the highest common divisor of 11 and r.
11
Suppose 0*t - 3*t = -18. Let v(k) = -k**3 + 6*k**2 + 6*k - 6. Let h be v(t). Let m = 29 - -46. What is the greatest common divisor of m and h?
15
Suppose 0 = -4*k - h + 101, 4*k - h + 15 = 122. What is the highest common factor of k and 208?
26
Let w(y) = 16*y**3 + 1. Suppose 3 = 2*p + p. Let d be w(p). What is the highest common divisor of 68 and d?
17
Let h = 102 + 73. Calculate the highest common factor of h and 25.
25
Let p(g) = g**3 - 9*g**2 - 8*g - 10. Let m be p(10). What is the greatest common factor of 80 and m?
10
Let f = 1 + 3. Suppose 40 = 2*t - f*u, -2*t + 7*t = 4*u + 76. Calculate the highest common factor of t and 48.
12
Let j(w) = 2*w + 2. Let h be j(5). Let o = h - 4. Suppose -2*u + 0 = 3*k - 10, 5*k - 19 = -u. Calculate the greatest common factor of k and o.
4
Suppose -4*x = 5*u - 104, 3*x - 2*u = 40 + 38. What is the greatest common factor of 91 and x?
13
Let w(p) = -p**3 - 5*p**2 + 3*p + 7. Let v be w(-6). Calculate the greatest common factor of v and 25.
25
Let q = -2 - -24. Calculate the highest common factor of 66 and q.
22
Let o = 4 - -8. Calculate the greatest common divisor of o and 8.
4
Let k be 56 - 12/(-4 - -1). Calculate the greatest common divisor of 6 and k.
6
Suppose -15 = 3*j, -5*c + 4*j - 134 = 66. Let n = c + 77. Calculate the greatest common factor of n and 22.
11
Let d = -14 + 66. Suppose -5*f + d = 22. Let t = 15 + -9. Calculate the greatest common factor of t and f.
6
Suppose -3*c + 19 = p + 2, 5*c = 5*p + 15. Suppose -13*w - 29 = -15*w - y, 0 = 3*w + y - 43. What is the highest common factor of w and p?
2
Let d be (-11 + 14)/((-1 + -1)/(-18)). What is the greatest common divisor of 54 and d?
27
Let f(a) = -a**3 - 7*a**2 + 7*a + 5. Let o = 4 + -12. Let c be f(o). What is the highest common divisor of 143 and c?
13
Let v(c) = -2*c - 2. Let m be v(-4). Let a(p) = -5*p - 5. Let w = -1 + -3. Let f be a(w). Calculate the greatest common factor of f and m.
3
Let d(x) = -x**3 + x**2 + x + 2. Let n be d(0). Let g = 4 - n. Let l be 13 + 3/(-3) - g. What is the highest common divisor of 70 and l?
10
Let g(t) = 2*t**2 + 15*t. Let d = 26 - 36. Let n be g(d). What is the highest common divisor of 20 and n?
10
Let d be (-4)/14 - 1056/(-21). Let p be 8/(-3)*15/(-4). Calculate the highest common divisor of d and p.
10
Suppose 2*i - 28 = -2*z, -4*z + i + 21 = -10. Suppose 5*j + 25 = 0, 2*d - 3*j = -2*d + 51. What is the greatest common divisor of d and z?
9
Let x = 92 + -84. What is the greatest common factor of 12 and x?
4
Let s = -8 + 2. Let a = s - -8. What is the greatest common factor of 8 and a?
2
Let n(p) = 10*p**2 + 1. Let j = -10 - -9. Let f be n(j). Calculate the greatest common divisor of 1 and f.
1
Suppose -2*j + 16 = 2*j. Calculate the highest common factor of j and 8.
4
Suppose -q + p + 9 = -0, 3*p = -q + 21. What is the greatest common divisor of q and 18?
6
Let h = 53 - 1. Calculate the highest common factor of 130 and h.
26
Suppose -5*u + 3*a = -483 - 11, -3*a = 5*u - 506. Calculate the greatest common divisor of u and 10.
10
Let z = -415 + 639. Calculate the greatest common divisor of z and 28.
28
Let y be 20*((-4)/(-2) - 1). Let j = -14 - -22. What is the greatest common divisor of j and y?
4
Suppose 13 - 3 = 2*k. Suppose -65 = -k*d - 5*w, -d - 6 + 34 = -4*w. Let p(a) = 6*a**2. Let u be p(2). Calculate the greatest common divisor of u and d.
8
Let r be ((-1)/(-3))/(-3*3/(-675)). What is the greatest common factor of 225 and r?
25
Let f = 74 - 52. Calculate the greatest common divisor of 2 and f.
2
Let l(b) = 5*b**2 + 17*b. Let a be l(-4). Let d be (-6)/(-4)*-1*2. Let n(s) = -s**3 + s. Let i be n(d). Calculate the highest common factor of i and a.
12
Suppose -45 = 4*a - 9*a. Let p be 2/(130/126 - 1). What is the greatest common factor of p and a?
9
Let q be (7/(-2))/(3/(-54)). Let y be 9/(-6)*(-68)/6. Su